0. Let s(z) = z**2 - 5*z + 7. Calculate s(f).
7
Let w(o) = -o**2 - o + 1. Suppose 11 = -0*q + q. Let b = q + -7. Suppose 0 = 5*v + 20, b*r + 3 = -r + 3*v. Give w(r).
-5
Let k(h) = h**2 + 4*h + 2. Let v be k(-4). Let q(x) = x**2 - 7 - 2*x - x**3 - 4*x**2 - v*x**2. Let p = 45 - 50. Calculate q(p).
3
Let n(w) = -w**3 + w + 4. Let h(c) = c**3 - 8*c**2 + 7*c. Let o be h(7). Calculate n(o).
4
Let s(d) = d**2 + 7*d + 4. Suppose 0 = -2*g - 5*r + 3*r - 4, 5*r - 32 = g. Determine s(g).
4
Let x(g) = g + 1. Let p(t) = -t**3 + 6*t**2 - 6. Let l = -7 + 13. Let c be p(l). Calculate x(c).
-5
Let q(l) be the second derivative of -l**4/12 + l**3/6 - 23*l**2/2 - 15*l. Calculate q(0).
-23
Let b(z) be the third derivative of 0*z**4 - 1/2*z**3 - 1/15*z**5 + 1/120*z**6 + z**2 + 0*z + 0. Give b(4).
-3
Let w(l) be the first derivative of -l**3/3 + l**2/2 - l - 3. Let r(t) = -t**3 + 3*t**2 + 7*t - 4. Let p(m) = -r(m) + w(m). Determine p(5).
-2
Let b be -2 + -1 - 9 - 2. Let d be b*(12/8 + -1). Let n(j) = j**2 + 6*j - 3. Calculate n(d).
4
Let x(u) = u. Suppose 5*i - 1 - 19 = 0. Calculate x(i).
4
Let k(m) = m**3 - 7*m**2 - 2*m + 13. Let u be k(7). Let r(x) = 5*x**3 - x**2 + 1. What is r(u)?
-5
Let x(q) = q**3 + 5*q**2 - q - 6. Let n be x(-5). Let v = 2 + n. Let r be -3 + (0 + 2 - v). Let h(z) = 5*z + 3. Determine h(r).
-7
Let z(d) = -d**2 + 4*d + 1. Suppose -7*l = -4*l - 12. What is z(l)?
1
Let c(z) = 2 - 14*z**3 + 14*z**3 - z**3 - 10*z - 10*z**2. Give c(-9).
11
Let a(u) = 2*u**2 - 2. Let o be a(-2). Suppose 0*s = 3*s - o. Let q(k) = -2 - 2 - s*k + 2. Give q(-2).
2
Let w(g) = -9*g + 10*g - 2 + g. Give w(-3).
-8
Let q(j) = -9*j**2 - 16*j - 9. Let g(d) = 8*d**2 + 13*d + 7. Let b(a) = -5*g(a) - 4*q(a). Let m = 2 + -4. Give b(m).
-13
Let m(j) = j**3 + 4*j**2 - 2*j - 6. Let t be m(-4). Suppose x + t*x = 0. Let l(c) = 1 + c**2 + 2 + 6*c + x. Give l(-3).
-6
Let y(j) = -j**2 + 4*j + 4. Let z = 14 - 11. What is y(z)?
7
Let y(z) = -1 - 3*z + z + 0*z + z. Calculate y(-2).
1
Let v(y) = y**3 - 4*y**2 + 2*y - 5. Let g(r) = -r**2 - 7*r + 2. Let m be (3 + -9 - 1) + 0. Let j be g(m). Let k be 4*(j + 0 - 1). Determine v(k).
3
Let w be 7/(-21) + 28/3. Let s(v) = -31*v**3 + 7*v**2. Let j(y) = -15*y**3 + 3*y**2. Let c(k) = w*j(k) - 4*s(k). Determine c(1).
-12
Suppose 0 = -9*b + 7*b - 2. Let r be -3 + b/(2/(-6)). Let h(g) = g + 5. Give h(r).
5
Let i = 45 + -52. Let p(k) = -k**3 - 8*k**2 - 9*k - 10. Calculate p(i).
4
Suppose -23*i - 37 = 101. Let y(j) = 0*j - 1 + 2*j + 4*j + j**2. Calculate y(i).
-1
Let d = 1 + -3. Let b(j) = j**3 + j**2 + j + 2. Let u(v) = -2 + 5*v - 6*v - 2*v**3 - v**2 - 2. Let f(x) = -7*b(x) - 3*u(x). What is f(d)?
-2
Suppose -a = 2*p + p - 17, -a - p = -7. Let v(t) = -a*t + 0*t - 2 - t + 4*t. Suppose 5*s - 25 = 3*m, -3*s + 3*m + 23 = 8. Determine v(s).
3
Let u = -6 + 6. Let v(m) be the second derivative of -m**4/12 + m**3/6 + 4*m**2 + 6*m. Determine v(u).
8
Suppose -4*g - 2*d + 12 = 2*d, d + 7 = 4*g. Let o(c) = -3*c**2 + g + 2*c**2 - 3*c**2 + 2*c + c**2. Suppose 2 = u - 0. Give o(u).
-6
Let z(v) be the first derivative of -13*v**2/2 + v + 12. Determine z(-1).
14
Suppose 0 = -29*y + 31*y + 6. Let r(v) = -v**3 + 5*v + 2. Calculate r(y).
14
Let j(l) = l**3 + 5*l**2 - 4. Let h be (-1 + -5)/((-6)/(-6)). Let y(k) = k**3 + 5*k**2 - 4*k + 7. Let m be y(h). Determine j(m).
-4
Suppose -2*u + 10 = -2. Let x = u + -12. Let k(o) = -o**2 - 5*o + 7. Determine k(x).
1
Let u(f) = -4 + 0 - 2*f**2 - 2*f + 3*f**3 + 3. Let q = -8 - -7. Calculate u(q).
-4
Suppose 0*b = 2*b, 5*b = 4*d - 12. Let f = -6 + 7. Let t(n) = 5 - 4 + 2*n - f - 2. Determine t(d).
4
Let v(b) = 2*b**2 + 3*b - 2. Let d be v(-4). Let x = d - 13. Let q(g) = -4 + 4 - g. Calculate q(x).
-5
Let y(w) = -w**2 + 3*w + 7. Let x(k) = 5*k**2 - 4*k + 0*k**3 - 6*k**2 - 3 + 2*k - k**3. Let o be x(-2). Give y(o).
-3
Let v(s) = -s**3 + 12*s**2 - 5*s - 2. Let o(x) = 2*x**3 - 25*x**2 + 11*x + 3. Let g(y) = 6*o(y) + 13*v(y). Calculate g(6).
-2
Let l(z) be the third derivative of 1/4*z**4 + 3*z**2 - 5/6*z**3 + 1/60*z**5 + 0*z + 0. Calculate l(-6).
-5
Let f(y) = -y**2 + 12*y - 16. Let a = 99 - 88. What is f(a)?
-5
Let d(f) = -f**2 - 7*f + 6. Let k(c) = -c**3 - c**2 + 9*c + 2. Let m be k(-3). What is d(m)?
6
Suppose -5*p + 20 = 0, 0 = -4*a - 4*p + 21 + 7. Let l(c) = c**a - 7 + 0*c**2 + 6 - c - 2*c**2. Determine l(2).
-3
Let d = -76 + 68. Let h(s) = -s**2 - 7*s + 5. What is h(d)?
-3
Let w = -2 + -2. Let c be (4 - 4) + 1 + 2. Let r(u) = c*u + 7 - 8 + 7. Determine r(w).
-6
Let k(j) = j**3 + 1. Let z be k(0). Suppose -5*o + z = 6. Let w(i) = i**2 + i + 1. Determine w(o).
1
Let s(k) = 2*k**3 - 9*k**2 - 8*k + 9. Let j be s(5). Let h(b) = -b**3 - 7*b**2 - 5*b - 4. Determine h(j).
-10
Let c(x) = -17*x - 17. Let h(d) = -6*d - 6. Let o(v) = -4*c(v) + 11*h(v). Let t(p) = p**2 + 7*p + 7. Let s be t(-5). Let m be (-3 - -1) + s/1. What is o(m)?
-8
Let c(p) be the first derivative of -p**4/4 + 14*p**3/3 + 15*p**2/2 - 6*p + 4. Give c(15).
-6
Suppose 2*z = z. Let j be 5/3*3 - z. Let q(l) = 4 - 2 - 5 - 3 + 3*l. What is q(j)?
9
Suppose 0*k - 2*k + 2 = 0. Let l(p) = 5*p + 4 + k - 3*p - 4. Give l(4).
9
Let a(k) = -k + 7. Let u be a(6). Let p(y) be the third derivative of y**5/20 - y**4/24 - 3*y**2. Determine p(u).
2
Let f(r) be the third derivative of -r**5/60 - r**4/6 - r**3/3 - r**2. Determine f(-4).
-2
Let z(j) be the first derivative of 7/2*j**2 + 3 + 8/3*j**3 - 4*j + 1/4*j**4. Give z(-7).
-4
Let t(p) be the second derivative of p**7/2520 + p**6/240 - p**5/20 - 7*p**4/12 + 9*p. Let o(x) be the third derivative of t(x). Calculate o(-5).
4
Suppose 25 = -5*c + 4*d, 24*c + d = 19*c - 50. Let l(z) = z**2 + 8*z - 5. Give l(c).
4
Let x(i) = -i**2 + 4*i - 3. Let c(m) = 4*m**2 - 16*m + 13. Let r(p) = 2*c(p) + 9*x(p). Suppose -72*a + 70*a + 6 = 0. Determine r(a).
2
Let m(n) = n + 3. Let t(s) = s + 4. Let o(j) = -4*m(j) + 3*t(j). Let g be o(6). Let p(r) = -3*r - 1 + 4*r + 5 + 9. What is p(g)?
7
Suppose -4*o - 18 + 6 = 4*v, -3*v - 19 = o. Let s(z) = -z**2 - 9*z - 5. Determine s(v).
3
Let z(s) = -2*s**3 + 3*s**2 - 7*s + 16. Let v(l) = 2*l**3 - 1 - 6 - 1 - l**2 + 3*l - l**3. Let w(o) = 5*v(o) + 2*z(o). Give w(0).
-8
Let q be 1/(-2)*4 - -5. Suppose 5*b = -5*s + 45, 0 = q*s + 2*s - 20. Let x(i) = -i**3 + 6*i**2 - 3*i - 6. What is x(b)?
4
Suppose 10 - 8 = 2*x. Let r(p) be the second derivative of p**5/10 - p**4/12 - p**3/6 + p**2/2 - 2*p. What is r(x)?
1
Let n(b) = b - 3. Let h be ((-12)/(-15))/((-4)/(-30)). Let i(m) = -m + 4. Let o be i(h). Let k = -1 + o. Calculate n(k).
-6
Let h be ((-4)/6)/((-4)/(-30)). Let i(b) = -b**2 - 6*b + 2. Calculate i(h).
7
Let z be (-4)/(-14) + (-57)/(-21). Suppose 2*h = -5*y + 14, -y - 8 = -z*h - 2*y. Let g(i) = -i**2 + 3*i - 3. What is g(h)?
-1
Let w(q) = -q**2 - 3*q + 13. Let z be w(-5). Let g(m) be the third derivative of 0*m - 1/60*m**5 + 1/3*m**z - 1/8*m**4 + 0 + 4*m**2. Determine g(-4).
-2
Let l(z) = 14*z**2 - 6*z. Let j(q) = 13*q**2 - 5*q. Let c(f) = -5*j(f) + 4*l(f). Suppose 6 - 4 = 2*g. What is c(g)?
-8
Let m(n) = 0*n - 5*n + 2*n + n**2. Suppose -g + 4*g = 24. Let r be 34/g + 3/(-12). Give m(r).
4
Let v = 60 + -59. Let f(o) = 21*o. What is f(v)?
21
Let x(k) be the first derivative of k**4/4 - 4*k**3/3 + 2*k**2 - 4*k - 2. Suppose -2*l = 5*q + 13, 0 = q - 2*q - 2*l - 9. Let j = 4 + q. What is x(j)?
-1
Let b(a) = -a - 2. Let d(s) = -2*s**2 + 12*s + 10. Let t be d(7). What is b(t)?
2
Let f(z) be the second derivative of z**3/6 - z**2 + 20*z. Determine f(5).
3
Let m(d) = d**3 + 4*d**2 - d - 4. Let u = 11 - 6. Let k = -5 + u. Let o be (k - (-2)/4)*-6. Calculate m(o).
8
Suppose 7 = -3*k - 2. Let i be 5/k + (-8)/(-12). Let u(b) = 2*b. Calculate u(i).
-2
Let f(y) = 4*y + 8. Let a(p) = -p. Let t(u) = 6*a(u) + f(u). Let m be -5*(-9)/15*2. Calculate t(m).
-4
Let l(f) = f**2 + 2*f - 1. Let u be 2/(-3) + (-21)/9. Let d be l(u). Let x(m) = 3*m - 2. What is x(d)?
4
Let a(k) be the second derivative of -k**3/3 + 3*k**2 - 23*k. Give a(5).
-4
Let n(w) = w**2 + 0 + 3*w - 4 - 2*w**2. Let s be (-1 - -1)/3 + 3. What is n(s)?
-4
Suppose 3*y + 2*p = 22, -4*y - 3*p + 39 = 8. Let h(l) be the second derivative of 1/12*l**4 - 1/2*l**3 + 3/2*l**2 - l + 0. Determine h(y).
7
Let u(t) = -4*t + 8*t**2 + t**2 + 8*t**2 + 2 - 15*t**2. Give u(3).
8
Suppose 0 = 2*p - 4*f - 1